what is 2b1ee5 - -7?
2b1eec
In base 13, what is 21788037 + -1?
21788036
In base 2, what is -111111 - 101111011100100100?
-101111011101100011
In base 12, what is -1b623800 - 0?
-1b623800
In base 7, what is -1425230631 + -1?
-1425230632
In base 3, what is -1110200101 + -12011010?
-1122211111
In base 16, what is -3ea90 - 22?
-3eab2
In base 6, what is 332 + -3111455?
-3111123
In base 14, what is -978d15 + 5?
-978d10
In base 12, what is -27 - -72157?
72130
In base 10, what is 22234941 + 9?
22234950
In base 13, what is -821 - 6715?
-7236
In base 6, what is -30 - -34523132?
34523102
In base 15, what is a00 - 1a70?
-1070
In base 9, what is -1650876 - -237?
-1650638
In base 6, what is 2530 - -1001435?
1004405
In base 13, what is 10c802b - 9?
10c8022
In base 12, what is 3129b75 + -3?
3129b72
In base 16, what is 15c2ba4 + -4?
15c2ba0
In base 9, what is -54756135 - -4?
-54756131
In base 7, what is -656225102 + 4?
-656225065
In base 4, what is -1 + -3010002210?
-3010002211
In base 2, what is 110100101100011011 - -11111101010?
110101001100000101
In base 12, what is -b97 - -281a?
1843
In base 11, what is -15272 + 3637?
-11736
In base 2, what is 10 + 101101001111010011101110?
101101001111010011110000
In base 5, what is 1 - 4322112230?
-4322112224
In base 4, what is -20031011310 + 0?
-20031011310
In base 10, what is 720 - -11764?
12484
In base 3, what is -210111001 + 2121?
-210101110
In base 6, what is 4455551312 + -1?
4455551311
In base 2, what is -10010001001111001101010 + -1111011?
-10010001001111011100101
In base 3, what is 22002 - -1001220122?
1002012201
In base 13, what is -1067a99 + -203?
-1067c9c
In base 2, what is 1110010 - 10110111100100100111?
-10110111100010110101
In base 11, what is -43a + 205627?
205198
In base 2, what is -11011 - -10110011010100011000100?
10110011010100010101001
In base 9, what is -3 - 377635362?
-377635365
In base 7, what is 2363 + 2025646?
2031342
In base 9, what is 4 - 38840825?
-38840821
In base 2, what is -11010111 - 110011100011100?
-110011111110011
In base 3, what is -1000110011111 + 11?
-1000110011100
In base 10, what is -773099069 + 5?
-773099064
In base 3, what is 101101121201 - 1021121?
101100100010
In base 7, what is 40656622 - 42?
40656550
In base 10, what is 10973959 + 3?
10973962
In base 6, what is 114301435515 + -1?
114301435514
In base 14, what is -c7d92 - 16?
-c7da8
In base 5, what is 14110000444 + -10?
14110000434
In base 4, what is -3012321312013 - 13?
-3012321312032
In base 9, what is -364 - 18113?
-18477
In base 16, what is 3b9648 - 45?
3b9603
In base 12, what is a - 127a47?
-127a39
In base 15, what is 1 + ba3b?
ba3c
In base 15, what is 3 - -3d02359?
3d0235c
In base 3, what is 2112100220102212 + 22?
2112100220110011
In base 12, what is 4b366578 + 0?
4b366578
In base 16, what is -14 + 8ea8ec?
8ea8d8
In base 14, what is -3 + 1c7142a?
1c71427
In base 8, what is -510 + 10733?
10223
In base 2, what is 101001100 - -11001011001111001?
11001011111000101
In base 12, what is -870 + -21a?
-a8a
In base 9, what is 663805 - 2471?
661324
In base 10, what is 246482 + 243?
246725
In base 4, what is -132011303123133 + -3?
-132011303123202
In base 9, what is -44747848 - 2?
-44747851
In base 9, what is 3 - -46313032?
46313035
In base 2, what is 1100110011000011000110110 + 1100?
1100110011000011001000010
In base 12, what is ba1 + 92991?
93972
In base 15, what is d8ed5 + -10?
d8ec5
In base 15, what is 3eb7 - -272e?
66e6
In base 14, what is -65 - -864b01?
864a7a
In base 9, what is 133 + 253780?
254023
In base 15, what is -439d9 + 63?
-43976
In base 15, what is 1d889 + 65?
1d8ee
In base 2, what is -1 + -11100101100000010101100?
-11100101100000010101101
In base 10, what is -208 - 31533?
-31741
In base 3, what is -10120012221 - 1100102?
-10121120100
In base 16, what is -74 - -26f6f?
26efb
In base 5, what is -2133 + 1012311?
1010123
In base 16, what is 79f7dc + -18?
79f7c4
In base 15, what is 8 - -1c841?
1c849
In base 12, what is -2 - -524564?
524562
In base 12, what is 105aa4 + -271?
105833
In base 7, what is -2340 + -50063?
-52433
In base 9, what is -410 - 12172?
-12582
In base 14, what is -3a1 + 9142?
8b81
In base 13, what is 5 - -96b76?
96b7b
In base 6, what is -111335250 + -211?
-111335501
In base 8, what is 217551 + -5?
217544
In base 8, what is -1254627 - 21?
-1254650
In base 11, what is 33 + 32382?
32405
In base 14, what is -5 + 1a0b59c?
1a0b597
In base 13, what is 3028ca + 7?
302904
In base 9, what is -78705 + -2413?
-82218
In base 10, what is -5811203 + -3?
-5811206
In base 16, what is -63ae + 18e5?
-4ac9
In base 5, what is -124 + -1014031013?
-1014031142
In base 6, what is 2 + -43224251013?
-43224251011
In base 9, what is -5335 - -15317?
8872
In base 11, what is a + -58994?
-58985
In base 15, what is -65b - b008?
-b664
In base 6, what is -3420 - 3525555?
-3533415
In base 15, what is 10415da + -1?
10415d9
In base 4, what is 333222 + -3330321?
-2331033
In base 15, what is 5ce7 - 5d?
5c89
In base 16, what is -18786fba + 3?
-18786fb7
In base 9, what is -4 - -45464157?
45464153
In base 7, what is 2604244 - -25?
2604302
In base 14, what is 6 - 18b139?
-18b133
In base 14, what is -a927 + -3c?
-a965
In base 2, what is -1111010101110000001101 - 11?
-1111010101110000010000
In base 9, what is 2636 - 202184?
-188447
In base 12, what is -2 - 790b2b?
-790b31
In base 10, what is 13 + -14396946?
-14396933
In base 10, what is 56 + -3611122?
-3611066
In base 9, what is 51845525 - -3?
51845528
In base 6, what is 5241 - 1003520?
-554235
In base 9, what is 252 + -1444272?
-1444020
In base 2, what is 11111001100111 + 10100101010001?
110011110111000
In base 2, what is -10000000110111 - 100010111011?
-10100011110010
In base 16, what is -93 + -b8c?
-c1f
In base 14, what is 0 + -34a2da0?
-34a2da0
In base 7, what is 465423 - 13114?
452306
In base 11, what is 54 + -1474345?
-14742a1
In base 5, what is 141034 - 101104?
34430
In base 11, what is -a46158 - -1?
-a46157
In base 14, what is 13 - -d4?
107
In base 15, what is -3 - -113de02?
113ddee
In base 15, what is -233 + -5626?
-5859
In base 8, what is -140 + -10242074?
-10242234
In base 12, what is 674 + 12197?
1284b
In base 7, what is 1130 + 20254?
21414
In base 10, what is 1728795 - 2?
1728793
In base 9, what is 21571473 + 6?
21571480
In base 14, what is -1a + -833d01?
-833d1b
In base 12, what is -126137634 + -4?
-126137638
In base 7, what is -11024 - -30450?
16423
In base 14, what is 71a8 - -39?
7203
In base 10, what is 962 + -2105?
-1143
In base 12, what is -34665 - 156?
-347bb
In base 10, what is 558625943 + -3?
558625940
In base 15, what is 2549 + ac6?
3120
In base 15, what is 1eb + -1cbba?
-1c9be
In base 9, what is -4 + 78710?
78705
In base 10, what is -48828 - -3410?
-45418
In base 11, what is -229336 - 4?
-22933a
In base 9, what is 5267068 + 6?
5267075
In base 10, what is -5545483 + 2?
-5545481
In base 16, what is -d0 + -e2a?
-efa
In base 16, what is -63fe033 + -3?
-63fe036
In base 11, what is 8259997 - -9?
82599a5
In base 11, what is 2889a50 + -3?
2889a48
In base 16, what is -10 - 4b6cc0?
-4b6cd0
In base 6, what is 100120 - 25543?
30133
In base 11, what is 1198426 + -16?
1198410
In base 3, what is 10101101202 + 20012122?
10121121101
In base 4, what is -13223133213010 + -3?
-13223133213013
In base 11, what is 173 - a6735?
-a6572
In base 4, what is 2 + 13212333311?
13212333313
In base 4, what is -2311320233100 + -10?
-2311320233110
In base 5, what is -211310122221 - 4?
-211310122230
In base 11, what is 3 + -7373765?
-7373762
In base 2, what is -11000 + 101011100001010000?
101011100000111000
In base 2, what is -110101100001100 + 101110101?
-110100110010111
In base 16, what is -1ec + 4d2e?
4b42
In base 7, what is -43423 + 102?
-43321
In base 9, what is -878 - -30231?
28242
In base 9, what is 5178 - -75355?
81544
In base 9, what is 8 + -117011374?
-117011365
In base 3, what is 21100121212111 - -2?
21100121212120
In base 15, what is -8686d3 + 8?
-8686ca
In base 10, what is -758675163 + -1?
-758675164
In base 16, what is 1 + -92d5d?
-92d5c
In base 10, what is 13 + 190892?
190905
In base 6, what is 2441002 - 43?
2440515
In base 13, what is 5947 - -11773?
173ba
In base 8, what is 2727372 - -411?
2730003
In base 13, what is 0 + -3431077?
-3431077
In base 12, what is -8 - -2a23a807?
2a23a7bb
In base